 the prime factors of b(-5).
2, 11
Suppose -5*a = -o + 4*o - 285, -4*o = -2*a - 354. Suppose -30 = v - o. Suppose -3*b = b - v. List the prime factors of b.
3, 5
What are the prime factors of 0 + 480 - 13/((-52)/(-12))?
3, 53
Let r(i) be the first derivative of 2*i**2 + 4*i - 2. Let v = 60 + -54. What are the prime factors of r(v)?
2, 7
Suppose 0 = 70*c - 75*c + 5545. List the prime factors of c.
1109
Let v(j) = 6*j**3 + 9*j**2 - 37*j - 7. Let o(t) = -5*t**3 - 10*t**2 + 38*t + 8. Let u(n) = 7*o(n) + 6*v(n). List the prime factors of u(13).
79
Let l(g) = 3*g**3 - 6*g**2 - 5*g - 13. Let w be l(-4). Let k = -148 - w. What are the prime factors of k?
7, 19
Let n be (12/(-14))/((-1)/126). Suppose -10*v - 6 = -12*v. Suppose -5*j + 4*k = -v*j - 56, 4*k = 4*j - n. What are the prime factors of j?
2, 13
Let l(x) = x**2 + x - 289. What are the prime factors of l(26)?
7, 59
Let u be (-44)/(-14) + (-1)/7. What are the prime factors of 3/(-2)*(-62)/u?
31
Let y = 9 - 7. What are the prime factors of (-1)/(y - (-201)/(-99))?
3, 11
Suppose -4*d + 319 = n - 432, 4*n + 923 = 5*d. Suppose -2*x - 166 = -4*o, 2*x + 21 = 5*o - d. What are the prime factors of (-19)/(-2) + o/28?
11
List the prime factors of 1392 + 10/(100/(-90)).
3, 461
Let d(a) = a**3 - 15*a**2 + 4. Let y be d(15). Suppose -i = 3*m + 6, -3*m = -y*m - 4. Suppose 7 = -i*n + 307. What are the prime factors of n?
2, 5
Suppose -4*s - 15 = 5. What are the prime factors of s/1*(-224)/20?
2, 7
Let m = -151 - -2181. List the prime factors of m.
2, 5, 7, 29
Let o(s) = 3*s**2 + 3*s + 6. Let p be (-1)/(-4) - 69/(-12). List the prime factors of o(p).
2, 3, 11
Let o = 196 + -133. Let m = -373 + 417. Let r = o - m. List the prime factors of r.
19
Let h(v) = v**3 - 10*v**2 + 26*v - 20. What are the prime factors of h(11)?
3, 43
Suppose -3*j = x - 320, -2*j = 6 - 8. What are the prime factors of x?
317
Let w(v) = -2*v - 24. Let q be w(-19). Suppose 3*d = -5 + q. Let y = d + 26. What are the prime factors of y?
29
Let n(k) = 4*k**2 + 22*k + 9. What are the prime factors of n(-7)?
3, 17
Let m(a) = a**2 + a - 1. Let f be m(-3). Suppose -3*d = -2*g + 141, -5*d + 6*d = 3*g - 215. Let o = g + f. What are the prime factors of o?
7, 11
Let l = -111 - -127. What are the prime factors of l?
2
Let d = 5 + -6. Let g be (-52)/(-8) - 6/(-4). List the prime factors of (-32 + d)*(g + -9).
3, 11
Suppose -1073 = -2*z + 4*c - 251, 3*z = 3*c + 1239. What are the prime factors of z?
5, 83
Let d be ((-18)/(-21))/(3/14). Suppose 5*f = l + 22, 2*l + 8 - d = 2*f. Suppose 2*o + 56 = 4*n, -5*n + l*n - 2*o + 22 = 0. List the prime factors of n.
13
Suppose 0 = -5*t - 3*h - 49 + 9, -24 = 3*t - h. Let g = t - -4. What are the prime factors of ((-9)/(-15))/(g/(-340))?
3, 17
Let n = -21 + 39. Suppose n = -7*t + 8*t. List the prime factors of t.
2, 3
What are the prime factors of (2*1*1)/(58/17690)?
2, 5, 61
Suppose -4*b + 5*b = 2*w + 1659, 2*b - 3282 = -5*w. List the prime factors of b.
13, 127
Suppose -3*v = 3*f - 513, -5*v + v + 346 = 2*f. List the prime factors of f.
13
Let u(j) = -j**2 - 15*j + 36. Let f be u(-17). List the prime factors of (-3 + f - -2) + 80.
3
Suppose -5*g = -4*f + 2470, 4*f - g = 2766 - 288. List the prime factors of f.
2, 5, 31
Suppose 0 = 3*n + 4*h - 1 - 0, 28 = -4*n + 2*h. Let k(i) = -2*i - 9. Let u(r) = r + 4. Let f(o) = -4*k(o) - 9*u(o). List the prime factors of f(n).
5
Let u be (12/14)/(30/140). Suppose -3*y = u*y - 203. What are the prime factors of y?
29
Let h be (100/30)/(4/6). Suppose 2*t + 4*c = -0*t + 88, 0 = -2*t + h*c + 97. Suppose 2*v - 4*v = -4*o + t, -5*o = -5*v - 60. List the prime factors of o.
11
Let o(h) = h**2 - 24*h + 25. Let n be o(23). List the prime factors of (-4)/n - (-118 + (5 - 1)).
2, 7
Suppose -3424 = -3*x + 2*t, 528 + 2876 = 3*x + 2*t. List the prime factors of x.
2, 569
Let k = -4 - -10. Let p(i) = 8*i + 2 - k*i - 3*i - 2*i**3 - 2*i**2 + 0. List the prime factors of p(-3).
41
Suppose 0 = -113*w + 111*w + 952. What are the prime factors of w?
2, 7, 17
Suppose -11 = -q + 11. Let t = 20 - q. What are the prime factors of t/2 - 90/(-2)?
2, 11
Let m(q) = q**3 - 3*q**2 + 2. Let s be m(3). Suppose 180 = 6*v - s*v. Let y = -22 + v. What are the prime factors of y?
23
Suppose 1006 + 1503 = 3*s + t, t = -2. List the prime factors of s.
3, 31
Let g be (255 + 2)*(5 - 4). Let j = g + -115. List the prime factors of j.
2, 71
What are the prime factors of (-5 - -4) + 5/1 - -207?
211
Suppose -3082 = -t - 4*j, 5*t + 524*j - 15515 = 525*j. What are the prime factors of t?
2, 3, 11, 47
Let u(v) = 11*v - 11. Let x be u(2). Let q(w) = w**3 + 8*w**2 + 7*w - 8. Let d be q(-6). Let f = d - x. List the prime factors of f.
11
Suppose -h = -q + 4, 0*q + 5*q - 20 = 0. Suppose 4*m - 5*i = -h*m + 31, -4*m = 4*i - 4. Suppose 0 = m*k - 3*k - 40. List the prime factors of k.
2, 5
Let h be 4*(2 + -1) + -109. Let r = 205 + h. List the prime factors of r.
2, 5
Let y be (6/1)/((-8)/(-96)). What are the prime factors of (y/10)/(18/135)?
2, 3
Suppose -5*o = 2*h - 3685, -5*h = o - 299 - 461. Suppose 4*w - o = -39. What are the prime factors of w?
2, 3, 29
What are the prime factors of ((-20)/16)/(-5)*(-59596)/(-47)?
317
Let s be (4/(-10))/(1/5) + -10. Let v(d) = d**2 + 3*d - 10. List the prime factors of v(s).
2, 7
Let m(o) = -345*o + 1. Let r be m(-2). Suppose 3*b - 417 = -2*k, -r = 3*b - 8*b - 2*k. Suppose -7 = 5*v - b. What are the prime factors of v?
2, 13
What are the prime factors of -6*(1/(-2) + 0) - -464?
467
Let c(s) = 68*s - 129. What are the prime factors of c(8)?
5, 83
Suppose 235 = 4*b - 217. List the prime factors of b.
113
Let z(q) = -q**2 - 6*q + 9. Let r be z(-7). Let x(s) = 7*s**r - 2*s**2 + s - 2*s**2. What are the prime factors of x(-3)?
2, 3
Let x be (6/(-4))/(36/48). Let t(a) = 12*a**2 - 6*a - 3. What are the prime factors of t(x)?
3, 19
List the prime factors of (-40436)/(-8) + 58/(-116).
2, 7, 19
Suppose -9578 = -3*k - 2*w, k - 2293 - 903 = w. List the prime factors of k.
2, 1597
Let z = -102 + 357. Let q = z + -164. Suppose 4*j = 3*s - q, -3*s = -6*s - 4*j + 59. List the prime factors of s.
5
Let r(h) = 6*h**2 - 5*h - 3. Suppose 8*u + 20 = 3*u. Let x be r(u). Suppose 3*l - 7*l = -m - 104, -5*l = 3*m - x. List the prime factors of l.
5
Let o be 1/((-9)/(-2)) + 50/18. Suppose o*d - 314 = -0*a - a, -2*d + 216 = 2*a. What are the prime factors of d?
103
Let m(l) = -l**3 + 11*l**2 - 10*l + 12. Let j be m(10). Suppose 0 = -2*z + x + 6, -6 = 2*z - 4*x - 0*x. Let p = j - z. What are the prime factors of p?
7
Suppose 3*c - 18 = c. Let w = c + -6. Suppose k - w*k + 20 = 0. List the prime factors of k.
2, 5
Let w = -23 + 25. Suppose 228 = 4*d + w*d. What are the prime factors of d?
2, 19
Let o be 1*4 + (0 - 2). Let s = -22 + 122. Suppose -2*r + s = 4*w, o*r + 2*w = 17 + 73. What are the prime factors of r?
2, 5
Let c(z) be the first derivative of 1/4*z**4 - 2*z - z**3 - 1/2*z**2 - 3. What are the prime factors of c(4)?
2, 5
Let t = 767 - 391. What are the prime factors of t?
2, 47
What are the prime factors of (-1 + 21)*53 + -7?
3, 13
Let q(p) = -p**2 + 8*p + 9. Let v(g) = -3 - 7*g**2 - 7*g**2 - 7*g + 13*g**2. Let t be v(-5). What are the prime factors of q(t)?
2
Suppose 2*o = -2*s + 922, -7*o - 2304 = -12*o - 4*s. What are the prime factors of o?
2, 5, 23
Let s = -176 + 78. Let f = 188 + s. List the prime factors of f.
2, 3, 5
Let u(p) = 10*p + 6. Let l be u(4). Suppose l = 3*n - 26. Let y = 53 - n. What are the prime factors of y?
29
Let x be -4*1 + -2 + -1. Let f = x + -12. Let i = f - -30. List the prime factors of i.
11
Let l = -16 + 20. Suppose -4*b + 5*d + l = -1, -3*d - 3 = -5*b. What are the prime factors of b - -2 - 0 - -2?
2
Let k(c) = -5*c - 28. Let m be k(-11). Suppose -90 + m = -f. List the prime factors of f.
3, 7
Suppose 2*l = 78 + 40. Suppose -3*b + 167 = -2*s, -b + 0*b + 4*s + l = 0. List the prime factors of b.
5, 11
Suppose -8*t = t - 2394. List the prime factors of t.
2, 7, 19
Let n(g) be the second derivative of 15*g**3/2 - 19*g**2 - 28*g. List the prime factors of n(8).
2, 7, 23
Let m(p) = p**3 + 16*p**2 + 4*p + 5. What are the prime factors of m(-13)?
2, 5, 23
Suppose -t + 2*p - 54 = -4218, 5*t + 5*p = 20760. What are the prime factors of t?
2, 1039
Let y(k) = k**3 + 6*k**2 + 5*k + 1. L